= -k. What is the remainder when 144 is divided by k?
28
Let q(g) = -8*g - 13 - 5*g + 4*g. Calculate the remainder when q(-5) is divided by 17.
15
Let j(f) = 39*f**3 + 4*f**2 + f + 1. Let x be j(4). Calculate the remainder when 81 is divided by x/63 - (-4)/14.
40
Calculate the remainder when 1126 is divided by 2 + 6 + -11 + 15.
10
Let i = 805 + -613. Calculate the remainder when i is divided by 61.
9
Suppose -4*d + 0*s + 43 = 5*s, 4*d - 3*s = 19. Let v = 23 + -5. Calculate the remainder when v is divided by d.
4
Let i be (-82 - -25)*(2*-2)/1. Suppose 226*p = i*p - 146. Calculate the remainder when p is divided by 20.
13
Suppose -4*j = -j + 15, 0 = 3*g - 4*j - 20. Suppose 7 = -l + 5*m, g = -3*l - 3*m + 15. Suppose -1 = -l*v + 65. What is the remainder when 86 is divided by v?
20
Suppose 0 = 2*k + 2*b - 2 - 18, -5*b = -3*k + 46. What is the remainder when 106 is divided by k?
10
What is the remainder when (85/(-10))/((-4)/104) is divided by 32?
29
Suppose 4*z = 29 - 37. Calculate the remainder when 89 is divided by ((-96)/18)/(z/9).
17
Let b = -119 + 180. What is the remainder when 190 is divided by b?
7
Suppose -4*u - d + 120 = 3*d, -119 = -4*u - 3*d. Suppose u = c + 3. What is the remainder when c is divided by 14?
12
Let h(w) = -8*w - 10. Let n be h(-2). Suppose -2*v + r = -87, -4*v + n*r + 159 = r. Calculate the remainder when v is divided by 6.
4
Suppose 5*w + i = -i + 6, -w = -4*i + 12. Let d be 722/2 - (3 + -2). Suppose -4*m - m + d = w. Calculate the remainder when m is divided by 25.
22
Suppose 0 = -4*o + 2*o + 5*c + 47, o - 5*c = 21. Let j(i) = -11*i - 3. Let b be j(-3). Suppose o*u = b*u - 60. What is the remainder when 28 is divided by u?
13
Let y = 210 - 153. Calculate the remainder when 158 is divided by y.
44
Let d be 1/2*2 + 0. Let y = 218 - 191. What is the remainder when y + -1 - 3/d is divided by 6?
5
Suppose 2*i - 5 = 3*i, 0 = -a + 2*i + 60. Calculate the remainder when a is divided by 27.
23
Suppose 3*w = 2*f + 46, 0*w + f - 40 = -2*w. Calculate the remainder when 135 is divided by w.
9
Let l = 52 - 11. Suppose 9*y - 13*y + 2*d = -96, 2*d - 138 = -5*y. Calculate the remainder when l is divided by y.
15
Let z = -250 - -302. Calculate the remainder when z is divided by 31.
21
Suppose 5*r = 3*a - 2, a - 6 = -r - 0. Let h be (a/(-6))/((-6)/9). Calculate the remainder when 1/(h/(-3)) - -12 is divided by 3.
0
Let t = 699 - 675. Let h = 71 - 26. Calculate the remainder when h is divided by t.
21
Suppose -4*i = -2*z - 404, 0 = -5*i - 4*z + 775 - 296. Let q = 126 - i. Calculate the remainder when q is divided by 8.
3
Let w be 3 - 0/(0 - 3). Suppose 73 = c + 16. What is the remainder when c is divided by (-2 - (-3 + -4))*w?
12
Let t be 10 + -1 + -1 - (-1)/1. Calculate the remainder when 4 is divided by (-180)/(-50) - t/15.
1
Suppose -16*b = -5*b - 374. Let g be (0 - -1)*(1 + 2). Suppose 0 = 3*c - p - b, -4*c + 5*p + 30 = -g*c. What is the remainder when 17 is divided by c?
7
Suppose 0 = 3*z + 5*f - 91, 73 = 3*z + 4*f - 16. Calculate the remainder when 90 is divided by z.
9
Let t(k) = 9*k**2 - 2*k + 3. Let q be t(-4). What is the remainder when 50 is divided by q/9 - (-6)/(-27)?
16
Suppose -2*h - 58 = -66. What is the remainder when 30 is divided by h?
2
Let i be 2/(-8) + 29/(-12)*-3. Suppose -i*p + 9 + 33 = 0. Calculate the remainder when 11 is divided by p.
5
Let m be 2*(-2)/((-12)/15). Suppose 65 = m*b - 5*f, 13 = 4*f - 7. Calculate the remainder when 70 is divided by b.
16
Suppose 5*d = -3*u + 6, 5 = -d - 5*u + 15. Suppose 5*o = 2*q + 31, 0*o + q + 33 = 5*o. Suppose d*z - o = -z. Calculate the remainder when z is divided by 3.
1
Suppose 3*t + i - 21 = -0, 3*i = 3*t - 9. Suppose -2*w - 5*y = -8*y - 98, -5*w + 207 = 2*y. What is the remainder when w is divided by 4/t - (-67)/3?
20
Let h(q) = q**2 - 7*q - 35. Suppose 9*t + 8*t - 391 = 0. Calculate the remainder when t is divided by h(11).
5
Let s be (18/(-21))/(4/(-168)*-2). What is the remainder when 23 is divided by 4/(3/(s/(-4)))?
5
Let i(q) = 5*q. Let d be i(4). Suppose -b - d = -5*b. What is the remainder when (-43)/(-6) - (-8)/(-48) is divided by b?
2
Let w be 0 + 1 + 1 - -65. Let u = 84 - w. Calculate the remainder when 98 is divided by u.
13
Let k(d) = 3*d - 14. Suppose -5*b + 11*b - 54 = 0. What is the remainder when 34 is divided by k(b)?
8
What is the remainder when 1*((-14)/(-7) + 25) is divided by 9?
0
Let r(m) = m + 2. Let g be r(9). Suppose 66 = 14*x - g*x. What is the remainder when x is divided by 13?
9
Suppose -169 = -10*u + 61. Suppose 3*r + 90 = 4*r. What is the remainder when r is divided by u?
21
Suppose -5*a = -3*a + 58. Let s = a - -44. What is the remainder when 24 is divided by s?
9
Suppose 6 = -3*n - 4*v + 13, -3*n - 5*v + 5 = 0. What is the remainder when 58 is divided by n?
3
Let r(b) = -b**3 + 15*b**2 - 13*b - 3. Let n be (-10)/15*42/(-2). Let j be r(n). Let k = j + 3. Calculate the remainder when 25 is divided by k.
11
Suppose -3*l - 40 = n, -4*n - 49 - 79 = -4*l. Let s = n - -18. Calculate the remainder when 27 is divided by (-2)/((-3)/(-1 - s)).
7
Let r = 15 + -10. Let h(u) be the second derivative of u**3/2 + u**2 + 3*u. What is the remainder when h(r) is divided by 6?
5
Calculate the remainder when -102*11/((-66)/78) is divided by 19.
15
Suppose 5*c + 78 = 3*j, 3*j + 2*j = 5*c + 120. What is the remainder when 39 is divided by j?
18
Let z(g) = -13*g + 80. Let h be z(6). Suppose -h*n + 3*n + b - 17 = 0, 5*b + 19 = 3*n. What is the remainder when 88 is divided by n?
10
Suppose 0*l + 27*l - 567 = 0. Calculate the remainder when l is divided by 11.
10
Let r = 57 + -7. Calculate the remainder when r is divided by 7.
1
Suppose 18 + 2 = 5*o. Let u = o + 43. Let n = -25 + 41. Calculate the remainder when u is divided by n.
15
Let f(r) = r**2 + 16*r - 4. Let l be f(-15). Let i(g) = -2*g + 11. Let b be i(-12). Let k = b + l. Calculate the remainder when k is divided by 9.
7
Suppose 0 = 5*z + 2*b - 322, 4*z - 3*b = 8*z - 252. What is the remainder when z is divided by 39?
27
Let q(v) = -v**3 - v**2 + 16*v - 37. What is the remainder when 187 is divided by q(-6)?
46
Suppose 3*y - c + 78 = 116, -4*y + 58 = -5*c. Let m(q) = q**3 - 6*q**2 + 7. Let d = 7 - 1. Calculate the remainder when y is divided by m(d).
5
Let s be (-1 + 4)/((-30)/80). Let d(h) = h + 10. Let r be d(s). Suppose -7*y = -r*y - 45. What is the remainder when 35 is divided by y?
8
Let d = -58 + 136. Suppose 6*x = 3*x + 6. Suppose -84 = -5*q - x*l, -3*l + 88 = 5*q + l. Calculate the remainder when d is divided by q.
14
Let k(l) = l - 10. Let y be k(12). Suppose 0 = 3*q + y - 41. What is the remainder when 49 is divided by q?
10
Suppose -8*l = 8 - 32. Suppose -4*f + 20 = -p, 5*f - 7 = -l*p + 1. What is the remainder when 5 is divided by f?
1
Let h = 23 + 10. Let v = -12 + 13. Suppose -2*c + 23 + v = 0. What is the remainder when h is divided by c?
9
Suppose c - 55 = -4*a, -25 = -5*c + 10*c. Suppose -2*h = -2*t - 20, 0 = -2*h + 3*t - 7*t + 14. What is the remainder when a is divided by h?
6
What is the remainder when (-129 + -1)*(16 + -17) is divided by 40?
10
Suppose 0 = 5*w - 8*u + 4*u - 13, -4*w + 32 = 4*u. Suppose w*l = -2*f + 77, 2*f = -3*f - 4*l + 150. Calculate the remainder when f is divided by 15.
11
Let i(p) = -p**3 + 6*p**2 - 2*p + 8. Let h be i(6). Let b = h - -7. Let r = 40 - b. What is the remainder when r is divided by 10?
7
Let g(u) = -u - 4. Let n be g(-8). Suppose -x - 189 = -n*x. What is the remainder when x is divided by (-64)/(-5)*(75/(-2))/(-15)?
31
Suppose -4*b + 222 = -b. Calculate the remainder when b is divided by 0 + 140/5 + -3.
24
Let l(d) be the first derivative of 2*d**3/3 - d**2/2 + 6*d + 5. Calculate the remainder when 50 is divided by l(-3).
23
Suppose 0 = 4*g - 4, 7*v = 11*v + g - 1269. Calculate the remainder when v is divided by 24.
5
Suppose 5*q - 5*d = 76 + 74, 0 = -d + 4. What is the remainder when 56 is divided by q?
22
Let j be 1/(-3 - 210/(-69)). Suppose -v + 23 = 3*i, v + 2*i - 4*i - j = 0. Calculate the remainder when v is divided by 9.
5
Let c(l) = -l**3 - 10*l**2 - l - 5. Calculate the remainder when c(-10) is divided by (3549/147)/13 + (-12)/14.
0
Suppose 201 = 2*u + u + 3*i, -i = -5*u + 305. Let q(d) = -6*d**2 - 142*d + 950. What is the remainder whe